 (base 13) to base 4.
-12311
Convert 71e (base 15) to base 8.
3104
1011421 (base 5) to base 12
965a
-1110010 (base 2) to base 5
-424
What is 1622 (base 7) in base 13?
3b3
-2411 (base 5) to base 9
-435
What is -1282 (base 11) in base 6?
-11411
2050 (base 6) to base 12
326
Convert c8 (base 14) to base 6.
452
Convert 32330 (base 4) to base 16.
3bc
What is 156b8 (base 13) in base 7?
226456
What is 101243 (base 5) in base 9?
4502
What is 419 (base 15) in base 3?
1021020
-9330 (base 16) to base 9
-56616
Convert 66 (base 11) to base 8.
110
What is -110001010 (base 2) in base 16?
-18a
Convert -15012 (base 6) to base 12.
-1468
What is -111000011010 (base 2) in base 9?
-4851
976a (base 16) to base 11
27139
-12201022 (base 3) to base 9
-5638
Convert -18a4 (base 13) to base 10.
-3683
72 (base 14) to base 4
1210
Convert -10110001110011 (base 2) to base 7.
-45114
Convert 11111100000 (base 2) to base 8.
3740
What is -56d (base 16) in base 3?
-1220110
What is -1103 (base 7) in base 4?
-12023
What is -10111001010001 (base 2) in base 4?
-2321101
12251 (base 6) to base 4
130213
3311 (base 5) to base 10
456
421 (base 6) to base 7
313
Convert -7f8 (base 16) to base 5.
-31130
-1122022202 (base 3) to base 11
-22305
b3bd (base 15) to base 10
37978
Convert -1010011100000 (base 2) to base 6.
-40424
What is -22210220 (base 3) in base 12?
-3873
Convert -32 (base 7) to base 10.
-23
Convert -1207 (base 11) to base 2.
-11000101100
What is 21222 (base 4) in base 8?
1152
Convert -589 (base 13) to base 3.
-1022111
Convert -1096 (base 10) to base 11.
-907
What is 13222 (base 4) in base 11?
406
2233 (base 9) to base 5
23100
1042243 (base 5) to base 8
44020
Convert -c012 (base 15) to base 11.
-28494
Convert 8509 (base 16) to base 15.
a157
-bb60 (base 12) to base 10
-20664
What is -642 (base 15) in base 7?
-4055
Convert -23 (base 16) to base 8.
-43
1100000000001 (base 2) to base 3
22102121
-10012 (base 4) to base 12
-19a
What is 8b08 (base 13) in base 15?
5b63
Convert -1126 (base 7) to base 8.
-634
Convert 93 (base 10) to base 12.
79
What is -301232 (base 5) in base 16?
-255f
Convert -2558 (base 11) to base 15.
-ec0
-506 (base 12) to base 11
-600
What is -4776 (base 12) in base 15?
-2590
What is -7309 (base 14) in base 16?
-4d5d
-18e (base 16) to base 14
-206
-3403 (base 5) to base 13
-2aa
-7577 (base 9) to base 15
-19bd
Convert 1e8 (base 15) to base 11.
373
What is -20113 (base 4) in base 10?
-535
What is -828 (base 13) in base 14?
-710
-1666 (base 11) to base 12
-1295
14a60 (base 11) to base 9
32121
What is 16b (base 14) in base 12?
203
-22142 (base 9) to base 7
-60566
Convert 4271 (base 10) to base 11.
3233
What is -13333 (base 11) in base 15?
-598d
What is 37054 (base 10) in base 12?
1953a
-1439b (base 12) to base 4
-12320213
What is 202a (base 14) in base 8?
12626
What is 32120202 (base 4) in base 3?
2222211000
What is 19692 (base 13) in base 2?
1100000100111011
What is -38b (base 12) in base 7?
-1400
12200202 (base 3) to base 10
4151
-987 (base 12) to base 5
-21044
511d (base 15) to base 14
6356
30334 (base 6) to base 14
1670
2002231 (base 4) to base 3
102110211
Convert d83 (base 15) to base 16.
be8
Convert 35520 (base 8) to base 12.
8954
10d (base 15) to base 16
ee
What is -14234 (base 6) in base 3?
-10002111
What is -100111101100010 (base 2) in base 7?
-113151
Convert -20203 (base 5) to base 15.
-5bd
What is -1111122 (base 3) in base 8?
-2111
4049 (base 10) to base 14
1693
43 (base 6) to base 9
30
-3638 (base 10) to base 3
-11222202
-b06 (base 14) to base 9
-2862
9c1 (base 15) to base 11
1726
What is -2865 (base 13) in base 10?
-5829
What is -306 (base 9) in base 3?
-100020
What is -673 (base 11) in base 4?
-30212
What is 24232 (base 5) in base 12?
1075
Convert -9fd (base 16) to base 4.
-213331
What is 100 (base 14) in base 9?
237
What is -4aa (base 16) in base 10?
-1194
-4148 (base 15) to base 7
-55133
Convert -17001 (base 10) to base 14.
-62a5
Convert 210101210 (base 3) to base 16.
3cf0
Convert -220012000 (base 3) to base 4.
-10103133
Convert 222030 (base 6) to base 13.
8604
What is 130303 (base 6) in base 2?
10110111111111
-39443 (base 11) to base 7
-323346
Convert -1111442 (base 5) to base 4.
-10302212
Convert -21521 (base 8) to base 9.
-13355
15b6 (base 13) to base 4
301313
Convert -16da (base 16) to base 3.
-22000200
What is 349 (base 16) in base 7?
2311
112204 (base 6) to base 4
2111230
Convert 2762 (base 10) to base 13.
1346
-1070 (base 8) to base 14
-2c8
Convert -1363 (base 7) to base 5.
-4120
-15240 (base 7) to base 13
-1c14
132154 (base 6) to base 13
56cb
Convert 200220 (base 4) to base 6.
13400
Convert 120144 (base 8) to base 9.
62282
Convert 1041 (base 7) to base 13.
228
What is 21111 (base 4) in base 13?
36c
-12110 (base 3) to base 16
-93
What is 113233 (base 6) in base 12?
5819
Convert 1122 (base 5) to base 11.
138
Convert 4701 (base 8) to base 14.
ca5
What is -14a0 (base 12) in base 14?
-c52
What is -495 (base 11) in base 16?
-24c
What is -2062 (base 12) in base 15?
-10a5
What is -24468 (base 11) in base 12?
-18424
-11110 (base 3) to base 6
-320
Convert 547 (base 12) to base 16.
307
Convert -164 (base 12) to base 15.
-ea
6592 (base 10) to base 4
1213000
What is -1111111010 (base 2) in base 15?
-47d
Convert 525 (base 6) to base 7.
401
-1431114 (base 5) to base 9
-45330
What is -35200 (base 7) in base 4?
-2030320
Convert 208 (base 12) to base 11.
24a
What is -6b6 (base 12) in base 6?
-4350
Convert 400 (base 6) to base 8.
220
-11b3 (base 12) to base 13
-bb5
What is -201001 (base 3) in base 15?
-244
143362 (base 7) to base 3
1101220101
222223 (base 4) to base 2
101010101011
What is -ac3 (base 15) in base 11?
-1912
What is 2b7 (base 12) in base 4?
12223
What is -2997 (base 10) in base 13?
-1497
Convert 24ff (base 16) to base 12.
5593
-a1 (base 12) to base 9
-144
Convert -2102214 (base 5) to base 14.
-c8d6
22fe (base 16) to base 5
241313
What is 2243 (base 5) in base 14?
191
What is 1908 (base 11) in base 10?
2428
What is -55 (base 9) in base 14?
-38
Convert -1241325 (base 6) to base 8.
-204225
120434 (base 5) to base 2
1000110001110
-2440 (base 5) to base 9
-451
Convert -12002 (base 4) to base 16.
-182
1550 (base 7) to base 2
1001101111
-7154 (base 10) to base 11
-5414
Convert -3641 (base 12) to base 4.
-1133101
What is -245010 (base 7) in base 3?
-2021122110
Convert 2162 (base 8) to base 12.
7aa
Convert -506 (base 15) to base 10.
-1131
-3110122 (base 4) to base 3
-200122111
What is 13302203 (base 4) in base 2?
111110010100011
Convert 112200 (base 3) to base 4.
12030
Convert 2742 (base 16) to base 5.
310200
15602 (base 7) to base 5
120122
What is 101214 (base 6) in base 14?
2d2a
What is 25 (base 8) in base 3?
210
Convert -441 (base 5) to base 9.
-144
Convert -12003 (base 6) to base 11.
-1334
What is 1017 (base 8) in base 7?
1352
What is -10001010011000 (base 2) in base 13?
-4053
What is -1011111011 (base 2) in base 7?
-2140
1 (base 8) to base 16
1
What is 112122 (base 6) in base 9?
14085
-1698 (base 14) to base 11
-3056
What is -19c8 (base 13) in base 12?
-22b6
Convert -21013 (base 4) to base 12.
-407
What is -b12 (base 12) in base 10?
-1598
Convert -302003 (base 4) to base 16.
-c83
Convert 7b4 (base 16) to base 10.
1972
-10010011100110 (base 2) to base 7
-36353
-1c83 (base 16) to base 3
-101000100
4 (base 14) to base 12
4
What is -2310 (base 5) in base 6?
-1310
-11011111000 (base 2) to base 8
-3370
Convert 12a73 (base 11) to base 9.
27448
27 (base 8) to base 9
25
2435 (base 6) to base 2
1001010111
Convert -22030 (base 4) to base 2.
-1010001100
What is -18b49 (base 12) in base 13?
-13629
Convert -1011000010100 (base 2) to base 6.
-42100
What is 1350244 (base 6) in base 5?
4422224
What is 101100101100 (base 2) in base 6?
21124
What is 101001011 (base 3) in base 7?
30226
What is 9f6 (base 16) in base 3?
10111110
Convert -8a9 (base 12) to base 16.
-501
-100210111 (base 3) to base 2
-1101111100101
Convert -1000210010 (base 3) to base 5.
-1122003
What is 3078 (base 11) in base 15?
131d
Convert -1033432 (base 5) to base 15.
-54e7
Convert -300021 (base 4) to base 9.
-4203
-8362 (base 11) to base 13
-5073
What is -39 (base 10) in base 9?
-43
Convert -1361 (base 7) to base 9.
-652
What is -2b51 (base 14) in base 8?
-17043
25301 (base 6) to base 16
ec5
Convert -10011